f 69978?
9
What is the hundred thousands digit of 160517?
1
What is the units digit of 2958?
8
What is the hundreds digit of 1382?
3
What is the hundreds digit of 4785?
7
What is the ten thousands digit of 25600?
2
What is the tens digit of 88089?
8
What is the hundreds digit of 15374?
3
What is the hundreds digit of 52119?
1
What is the units digit of 6?
6
What is the thousands digit of 8138?
8
What is the units digit of 6668?
8
What is the hundreds digit of 2141?
1
What is the hundreds digit of 163733?
7
What is the hundreds digit of 529?
5
What is the ten thousands digit of 26496?
2
What is the units digit of 4503?
3
What is the hundreds digit of 8369?
3
What is the thousands digit of 3038?
3
What is the thousands digit of 2241?
2
What is the units digit of 4343?
3
What is the hundreds digit of 3430?
4
What is the hundreds digit of 2335?
3
What is the hundreds digit of 76257?
2
What is the hundred thousands digit of 188095?
1
What is the hundreds digit of 2265?
2
What is the tens digit of 89129?
2
What is the tens digit of 85403?
0
What is the thousands digit of 1853?
1
What is the hundreds digit of 851?
8
What is the units digit of 35399?
9
What is the tens digit of 90?
9
What is the tens digit of 25751?
5
What is the hundreds digit of 110953?
9
What is the ten thousands digit of 10808?
1
What is the units digit of 3477?
7
What is the hundreds digit of 2553?
5
What is the thousands digit of 36141?
6
What is the units digit of 75139?
9
What is the tens digit of 10735?
3
What is the thousands digit of 20415?
0
What is the tens digit of 27388?
8
What is the hundreds digit of 745?
7
What is the units digit of 1821?
1
What is the units digit of 5725?
5
What is the tens digit of 34653?
5
What is the tens digit of 1215?
1
What is the thousands digit of 12145?
2
What is the units digit of 2931?
1
What is the thousands digit of 9381?
9
What is the hundreds digit of 1236?
2
What is the units digit of 1197?
7
What is the thousands digit of 6337?
6
What is the hundreds digit of 50665?
6
What is the thousands digit of 31275?
1
What is the thousands digit of 1180?
1
What is the tens digit of 27730?
3
What is the thousands digit of 81656?
1
What is the thousands digit of 6166?
6
What is the hundreds digit of 504?
5
What is the hundreds digit of 362?
3
What is the units digit of 73003?
3
What is the tens digit of 624?
2
What is the ten thousands digit of 26271?
2
What is the tens digit of 52450?
5
What is the tens digit of 62939?
3
What is the units digit of 18145?
5
What is the units digit of 3964?
4
What is the tens digit of 289?
8
What is the thousands digit of 15231?
5
What is the hundreds digit of 8422?
4
What is the tens digit of 72?
7
What is the hundreds digit of 13357?
3
What is the thousands digit of 1296?
1
What is the thousands digit of 66845?
6
What is the hundreds digit of 1016?
0
What is the hundreds digit of 50732?
7
What is the ten thousands digit of 10039?
1
What is the hundreds digit of 5906?
9
What is the tens digit of 7711?
1
What is the tens digit of 34669?
6
What is the hundreds digit of 726?
7
What is the units digit of 220?
0
What is the units digit of 2051?
1
What is the units digit of 27427?
7
What is the thousands digit of 2202?
2
What is the units digit of 562?
2
What is the units digit of 3984?
4
What is the tens digit of 1454?
5
What is the tens digit of 2466?
6
What is the hundreds digit of 38328?
3
What is the units digit of 3298?
8
What is the tens digit of 2467?
6
What is the hundred thousands digit of 115415?
1
What is the thousands digit of 39347?
9
What is the thousands digit of 1238?
1
What is the tens digit of 1045?
4
What is the hundreds digit of 58699?
6
What is the units digit of 76066?
6
What is the units digit of 513?
3
What is the thousands digit of 1674?
1
What is the tens digit of 4620?
2
What is the ten thousands digit of 78204?
7
What is the units digit of 55758?
8
What is the units digit of 8287?
7
What is the thousands digit of 5382?
5
What is the hundreds digit of 9435?
4
What is the tens digit of 2215?
1
What is the ten thousands digit of 63733?
6
What is the tens digit of 938?
3
What is the tens digit of 1696?
9
What is the tens digit of 61?
6
What is the tens digit of 36374?
7
What is the tens digit of 18265?
6
What is the units digit of 130929?
9
What is the thousands digit of 89001?
9
What is the tens digit of 1980?
8
What is the hundreds digit of 1942?
9
What is the tens digit of 30308?
0
What is the hundreds digit of 27333?
3
What is the thousands digit of 90474?
0
What is the hundreds digit of 7623?
6
What is the tens digit of 24353?
5
What is the ten thousands digit of 13511?
1
What is the units digit of 3427?
7
What is the tens digit of 1180?
8
What is the hundreds digit of 53501?
5
What is the units digit of 873?
3
What is the thousands digit of 4452?
4
What is the units digit of 641?
1
What is the units digit of 35069?
9
What is the thousands digit of 48985?
8
What is the tens digit of 8589?
8
What is the hundreds digit of 1199?
1
What is the thousands digit of 16026?
6
What is the units digit of 25236?
6
What is the thousands digit of 9287?
9
What is the hundreds digit of 15391?
3
What is the hundred thousands digit of 186539?
1
What is the tens digit of 1096?
9
What is the thousands digit of 27342?
7
What is the hundreds digit of 3806?
8
What is the thousands digit of 2511?
2
What is the thousands digit of 1247?
1
What is the hundreds digit of 71484?
4
What is the thousands digit of 8874?
8
What is the thousands digit of 28470?
8
What is the hundreds digit of 16986?
9
What is the tens digit of 23105?
0
What is the units digit of 1021?
1
What is the hundreds digit of 1363?
3
What is the hundreds digit of 150?
1
What is the tens digit of 4702?
0
What is the thousands digit of 2030?
2
What is the tens digit of 100?
0
What is the tens digit of 103?
0
What is the units digit of 919?
9
What is the thousands digit of 8284?
8
What is the units digit of 263?
3
What is the hundreds digit of 7255?
2
What is the units digit of 1554?
4
What is the ten thousands digit of 35133?
3
What is the hundreds digit of 1970?
9
What is the hundreds digit of 2230?
2
What is the units digit of 762?
2
What is the hundred thousands digit of 117056?
1
What is the hundreds digit of 245?
2
What is the tens digit of 1361?
6
What is the hundreds digit of 479?
4
What is the thousands digit of 1409?
1
What is the ten thousands digit of 25157?
2
What is the ten thousands digit of 11333?
1
What is the tens digit of 171?
7
What is the thousands digit of 7032?
7
What is the ten thousands digit of 54523?
5
What is the units digit of 2699?
9
What is the hundreds digit of 146?
1
What is the units digit of 45319?
9
What is the hundreds digit of 6501?
5
What is the tens digit of 198?
9
What is the units digit of 48263?
3
What is the thousands digit of 14701?
4
What is the hundreds digit of 12186?
1
What is the hundreds digit of 622?
6
What is the thousands digit of 2617?
2
What is the thousands digit of 3190?
3
What is the thousands digit of 145648?
5
What is the thousands digit of 1512?
1
What is the tens digit of 43639?
3
What is the units digit of 35617?
7
What is the ten thousands digit of 76182?
7
What is the hundred thousands digit of 100438?
1
What is the tens digit of 843?
4
What is the units digit of 2818?
8
What is the tens digit of 524?
2
What is the hundreds digit of 30017?
0
What is the units digit of 57631?
1
What is the hundreds digit of 10642?
6
What is the thousands digit of 1255?
1
What is the hundreds digit of 1979?
9
What is the tens digit of 5628?
2
What is the units digit of 11016?
6
What is the hundreds digit of 52241?
2
What is the units digit of 842?
2
What is the hundreds digit of 135?
1
What is the thousands digit of 5517?
5
What is the units digit of 8895?
5
What is the units digit of 2548?
8
What is the thousands digit of 10002?
0
What is the units digit of 45268?
8
What is the units digit of 1516?
6
What is the tens digit of 893?
9
What is the tens digit of 940?
4
What is the ten thousands digit of 78701?
7
What is the thousands digit of 41471?
1
What is the tens digit of 167?
6
What is the tens digit of 20795?
9
What is the thousands digit of 4980?
4
What is the units digit of 26266?
6
What is the 